= -2*y - 593. What is the remainder when 24 is divided by (-1)/(-6) - (y/(-18))/(-1)?
4
Let n be -22*6/9*-18. Suppose -2*t - 4*r = -68, 5*t - 2*r + 94 = n. Suppose 4*w = t + 114. What is the remainder when w is divided by 10?
7
Suppose -6 = -23*g + 21*g, -2*g = -t + 191. What is the remainder when t is divided by 51?
44
Calculate the remainder when 272 is divided by 126/42 - (2 + -11).
8
Let t = 27 - 14. Let h(l) = 9*l**2 - 1. Let c be -5 + 2 + -2 + 4. Calculate the remainder when t is divided by h(c).
5
Suppose -3*m = 5*p - 49, -3*m = 2*p - 26 - 8. What is the remainder when -1*(-37)/4*4 is divided by m?
5
Let t = 286 + -279. Calculate the remainder when 90 is divided by t.
6
Suppose 0*i + 3*i - 183 = 0. Let r = i + -45. Calculate the remainder when 30 is divided by r.
14
Calculate the remainder when (-173)/(-3) - 2 - 27/(-81) is divided by 10.
6
Let o = 51 - 50. Suppose 0 = -i + o + 11. What is the remainder when 94 is divided by i?
10
Let h(l) = 4*l**2 - 55*l - 95. Let j(z) = z**2 - 18*z - 32. Let q(n) = 2*h(n) - 7*j(n). What is the remainder when 17 is divided by q(-14)?
5
Suppose -208 = -2*n - 3*l + 146, -3*n = 3*l - 525. What is the remainder when n is divided by 1 + 47 - 8/(8/5)?
42
Suppose 2*k + 4*x - 280 = -3*k, -4*x = -5*k + 280. Calculate the remainder when k is divided by 19.
18
Calculate the remainder when 62 is divided by 7/(177/472 + 2/16).
6
Suppose -3*o = 2*l + 6 - 17, 4*l - o - 1 = 0. What is the remainder when (-34)/((-3)/2 + 1/l) is divided by 18?
14
Suppose -5*m - 102 = d - 3*d, -224 = -5*d - 3*m. Suppose 0 = -y + h + 12, 0 = -3*y + 5*h + d - 6. Calculate the remainder when 15 - 0 - 2/(-2) is divided by y.
6
Let i(y) = 15*y - 12. Let c be i(4). Let h = -30 + c. What is the remainder when 33 is divided by h?
15
Suppose -177 = -8*p + 495. Calculate the remainder when 498 is divided by p.
78
Let k be (-1)/2*(5 - 5). Suppose -4*g + 59 = t, -4*t - 64 = -4*g - k*g. Calculate the remainder when 12/(-6) + (-31)/(1 - 2) is divided by g.
14
Let c = -50 - -54. Suppose 0*g + c*g = 364. What is the remainder when g is divided by 23?
22
What is the remainder when (-8)/(-6) + ((-32240)/15)/(-2) is divided by 98?
96
Let m(c) be the third derivative of c**6/120 - c**5/10 + c**4/24 - c**3/2 - 13*c**2. Calculate the remainder when 4 is divided by m(6).
1
Suppose -25*h + 5*f - 13 = -27*h, -31 = -2*h + f. Calculate the remainder when 93 is divided by h.
9
Let v(q) = q**2 + 8*q. Suppose 119 = 4*r + 3*p, 14*r + 5*p + 105 = 19*r. Calculate the remainder when r is divided by v(-9).
8
Let b(c) = -c**2 - 7*c - 6. Let y be b(-5). Suppose -3*l + 21 = y*l. What is the remainder when 12 is divided by l?
0
Let t = 8 - 3. Suppose -6*g = -6*g - 2*g. Suppose 0 = 5*a + u - 80, 4*u = -4*a - g*a + 48. Calculate the remainder when a is divided by t.
2
Suppose 0 = -u - 0*u - 5*t + 17, u = -3*t + 15. What is the remainder when 94 is divided by u?
10
Let v be -1 - 24/(3 - 7). Suppose v*u - 456 - 84 = 0. Calculate the remainder when u is divided by 14.
10
Let d be (3 - 4/4)/(-1). Calculate the remainder when (3 - (33 + -2))/(-2) is divided by ((-120)/(-36))/(d/(-6)).
4
Suppose -40 + 4 = -9*i. Calculate the remainder when 7 is divided by ((-1)/i)/((-6)/24).
0
Suppose -5868 = -4*x + 3*o, -o - 1479 = -2*x + 1457. What is the remainder when x is divided by 64?
62
Suppose 2*h + 12 = 96. Let o = 29 - 14. What is the remainder when h is divided by o?
12
Let y(x) = 2*x**2 + 15*x - 236. What is the remainder when 16 is divided by y(8)?
4
Let q(h) = -h**3 + h**2 + 17*h + 79. Calculate the remainder when q(-6) is divided by 21.
19
Let d be (2/6 - 0) + 6/(-18). Suppose -u - 2*z = 6, 9 = u - d*u - z. What is the remainder when 21 is divided by u?
1
Let m(v) = -v + 6. Let d be m(4). Suppose 3*p = d + 1. Calculate the remainder when 2 is divided by 4 - p - 1 - 0.
0
Let v(r) = -2*r**2 - 10*r - 39. Let j(x) = -x**2 - 11*x - 39. Let w(b) = -3*j(b) + 2*v(b). What is the remainder when w(14) is divided by 9?
7
Let q = -12 - -13. What is the remainder when q/(-3) + 320/6 is divided by 18?
17
Suppose 3*d - 17 = s - 5, -12 = -3*d - s. Let c(g) = g**2 + 10*g - 8. What is the remainder when d is divided by c(-11)?
1
Suppose -c - 2*d + 5 - 1 = 0, 0 = c + 3*d + 1. Suppose 502 = 4*i - c. Calculate the remainder when i is divided by 33.
30
Let a = 743 - 721. What is the remainder when 283 is divided by a?
19
Let q(m) = -35*m - 43. Calculate the remainder when 100 is divided by q(-2).
19
Let i(q) = -13*q - 2. Suppose 2*u - a - 26 = 0, 3*a - 34 = -17*u + 15*u. Calculate the remainder when i(-2) is divided by u.
10
Suppose 0 = 7*q + 194 - 796. Let b = 94 - q. What is the remainder when 13 is divided by b?
5
Let n(t) = t**3 + 9*t**2 + 11*t + 5. What is the remainder when n(-7) is divided by (-17)/(-2) - (-2)/(-4)?
2
Let h(f) = 28*f**2 + 6*f - 4. What is the remainder when h(2) is divided by 11?
10
Suppose 5*r + 0*r - 25 = 0, 0 = v - r + 5. Suppose 2*n + v*x = -5*x + 120, 0 = 2*n - 4*x - 84. What is the remainder when n is divided by 14?
8
Suppose -425 = -5*x + 335. What is the remainder when (6/(-4))/((-4)/x) is divided by (1 - -16) + 8/(-4)?
12
What is the remainder when 30 is divided by (121/22)/((-2)/(-8))?
8
Let l = 256 - 112. Suppose f = -f - 2*b + 72, -4*f - b = -l. What is the remainder when f is divided by 21?
15
Let g(i) = -i + 22. Let r(l) = -6*l + 110. Let o(n) = 11*g(n) - 2*r(n). Let b be o(-17). Suppose 40 + 30 = b*f. What is the remainder when 55 is divided by f?
13
Let j be (-2 - (-21)/7)*6/1. Suppose 0 = k - 2*k + j. What is the remainder when 21 is divided by k?
3
Suppose 241 + 491 = 12*g. Calculate the remainder when g is divided by 5.
1
Let l(i) = i**3 - i. Let g be l(1). Suppose -n + 6*n + 5460 = g. Calculate the remainder when 84 is divided by (-1)/(-5) + n/(-65).
16
Let s(z) = 3*z**2 + 5*z + 3. Let n(i) = -5*i - 11. What is the remainder when s(-5) is divided by n(-5)?
11
Let h(q) = q**3 + 73*q**2 + 62*q - 614. Calculate the remainder when 528 is divided by h(-72).
104
Let x = -14 + -8. Let i = -8 - x. Let m(f) = -24*f**3 + f**2 - f - 1. Calculate the remainder when m(-1) is divided by i.
11
Let o be -36*(-4 + 11/4). Let p = -34 + o. Calculate the remainder when 52 is divided by p.
8
Let h be 5 + (2/(-2) - 0). Let f(q) be the first derivative of q**2/2 - 2*q - 60. Calculate the remainder when 2 is divided by f(h).
0
Calculate the remainder when ((-39)/13)/(-9) + (-221)/(-3) is divided by 41.
33
Let z(h) = -h**2 + 24*h - 41. Let s be z(22). Suppose -4*p + 7*p = -f + 14, s*p = -4*f + 38. What is the remainder when 14 is divided by f?
6
Let b(t) = t**2 - 11*t - 4. Let a be b(11). Let k(p) = p**2 + 3 - p + 2 + 1. What is the remainder when k(a) is divided by 14?
12
Let p = 2 + -12. Let s(u) = u**3 - 11*u**2 - 12*u + 32. Let v be s(12). What is the remainder when 23 is divided by (v/80)/((-1)/p)?
3
Calculate the remainder when 242/44*(27 - 1) is divided by 30.
23
Suppose -3*x - 20 + 11 = 0, x = -3*j + 348. What is the remainder when j is divided by 31?
24
What is the remainder when 84 is divided by (-53 + 57)/((-4)/(-17))?
16
Let d(x) = -2*x**3 - 5*x**2 + x + 3. Let j(r) = r**2 - 13*r + 10. Let l be j(12). What is the remainder when d(-4) is divided by 6*(-12)/9*l?
15
Suppose -3*i = -5*m - 4 - 153, -228 = -4*i + 2*m. Suppose 0 = -510*u + 539*u - 348. Calculate the remainder when i is divided by u.
11
Suppose -6*z + 31 = -1475. Calculate the remainder when z is divided by 28.
27
Calculate the remainder when 26 is divided by (6 - 9)/((-4 - -1)/3).
2
Let x be 1*2 + (9 + -2 - 68). Let v = x - -102. Calculate the remainder when v is divided by 11.
10
What is the remainder when 301 is divided by (-6)/3*2 - -66?
53
Let q = -1157 + 1213. Calculate the remainder when 222 is divided by q.
54
Suppose -62 = -y - 26. Suppose -3*c + 5*x - 2*x + y = 0, 0 = -4*c + x + 36. Calculate the remainder when 28 is divided by c.
4
Let x be (1/2)/(3/(-12)). Suppose 5*i + 15 = -7*v, v = -4*i + 1 + 10. Calculate the remainder when -10*(12/5)/x is divided by i.
0
Suppose 4*a = -2*k + 6*k - 44, 0 = -5*k + 3*a + 51. Let z(m) = m. Suppose -4*u + 0*u + 20 = 0. Calculate the remainder when z(k) is divided by u.
4
Suppose 19800 = 12*l + 18*l. Calculate the remainder when l is divided by 51.
48
Suppose 20 = -4*